 4 = 0, -4*h + 3*h + r = 0. Let g(b) = -6*b**2 + 3 + 5*b**h + 0*b - 3*b + b. Determine g(p).
-5
Let k be -2 - (-3 + 2 + -2). Suppose 3*i - k = -4. Let m(a) = -4*a**3 - 2*a**2 + 2. Let j(r) = 5*r**3 + r**2 - 1. Let d(u) = -3*j(u) - 2*m(u). Calculate d(i).
7
Suppose 2*g + 9 = -0*g + 3*z, 5*z - 25 = 0. Let s be ((-30)/(-8) - g)*4. Let l(q) = q**3 - q**2 - 4*q + 2. Determine l(s).
8
Let f be (91/65)/(1/5). Suppose 1 = f*j - 6. Let h(a) = -6*a. Determine h(j).
-6
Let w(z) = -4*z + 2. Suppose -7 = -3*g + 2. Determine w(g).
-10
Let a(r) = 6*r + 6*r - 12*r + 5 + r**3 - 4*r**2. Calculate a(4).
5
Let p(s) = s**2 - 2. Suppose 0*q = -4*q. Suppose 0 = 4*y + h - 10, 4*y - 5*h - 22 = -q*h. Let a = -1 + y. What is p(a)?
2
Let v(z) be the third derivative of z**6/120 - z**5/12 - 5*z**4/24 + z**3/6 + z**2. Give v(6).
7
Let j(g) = 2*g - 1. Let u(k) = 11*k - 8. Let v(f) = -6*j(f) + u(f). Suppose -3*r + 6 + 3 = 0. Give v(r).
-5
Let k(u) = u**3 - 7*u**2 + 5*u - 2. Let d(i) be the third derivative of i**6/120 - i**5/30 + i**4/12 + i**3/3 + i**2. Let z be d(2). Determine k(z).
-8
Let n(y) = -13*y - 6. Let b(v) = -14*v - 7. Let x(l) = 6*b(l) - 7*n(l). Give x(1).
7
Let m(g) = -8*g + 1. Let v(a) = a + 6. Let w be v(-6). Suppose -l + 0*l - 12 = w. Let o be (-3)/(l - 0)*4. Determine m(o).
-7
Let d(q) = -q. Suppose 2*y - 4*y + 2*j = -6, 0 = -3*j - 3. Suppose -x = y*x. Suppose x = -3*c - 1 + 10. What is d(c)?
-3
Let r(a) = -a**3 + 2*a**2 - 7*a - 4. Let q(n) = -n**3 - n**2 + 1. Let u(m) = -2*q(m) + r(m). Suppose -5*x - 8 = 17. What is u(x)?
4
Let o(k) = k - 1. Let t(z) = -8*z + 6. Let h(f) = 14*o(f) + 2*t(f). Let u(g) = g - 10. Let n be u(5). Determine h(n).
8
Let a = -3 - 0. Suppose 0*l - 5*l = 2*r - 10, 4*l = r - 5. Let n(d) = l*d**2 + 2 - 2*d - d**2 - 3. Determine n(a).
-4
Suppose -11 = -5*z - 2*o - o, -24 = -3*z + 4*o. Suppose z*q = -28 + 8. Let l(m) = -m - 7. Calculate l(q).
-2
Let g(y) be the second derivative of y**5/20 - 5*y**4/12 - 2*y**3/3 + y**2 + 2*y. Calculate g(6).
14
Let q(l) be the second derivative of -l**4/6 - l**3/6 + 11*l. Let w be 4/2*(-1)/2. What is q(w)?
-1
Let j be (-1)/((-2)/(-3 - -1)). Let y be 15 + -10 + j + 1. Let w(s) = -s**2 + 3*s - 2. Give w(y).
-12
Let b be ((-2)/(-1) - 2)/2. Let v = b - 3. Let s be (-2)/(v/6*2). Let z(j) = 2*j**2 - 2*j. What is z(s)?
4
Let l(s) = 2*s**2 - 12*s + 4. Let f(k) = 2*k**2 - 11*k + 4. Let j(h) = 5*f(h) - 4*l(h). Suppose 0 + 8 = 2*i. Calculate j(i).
8
Let s(d) = -d**2 - 5*d - 9. Let g be s(-6). Let m be 2/(-18)*-3*g. Let z(j) = -j**3 - 5*j**2 + j - 2. Calculate z(m).
-7
Let x(d) = d**2 + 5*d. Suppose -c - 30 = -3*c. Suppose 2*p + c - 7 = 0. Calculate x(p).
-4
Let k(w) = 0*w**2 + 3*w**3 - 2*w + 0*w + 0*w + 1 + 2*w**2. Suppose -5*q - 3*z + 12 = -3*q, 4*z - 8 = 0. Let l be (0 - 1)*(q + -4). What is k(l)?
4
Let m(j) be the third derivative of 0*j**3 - 1/24*j**4 + 0*j + 7*j**2 + 0 + 1/60*j**5. Determine m(3).
6
Let j(z) be the third derivative of -1/24*z**4 + 0 + 1/6*z**3 + 2*z**2 + 0*z. Let g be (43/43)/((-1)/(-4)). Determine j(g).
-3
Let f(g) = 2*g**2 + 7*g + 4. Let w(p) = -4*p**2 - 13*p - 7. Let s(j) = 5*f(j) + 3*w(j). Suppose -2*n + x = 4, 0 = -2*n + n + x - 1. What is s(n)?
-7
Let q(l) = l**2 - 1. Let r be q(-2). Let h = r - 3. Let f be (h/(1 + 0))/1. Let o(c) = -c**3 - 5. Determine o(f).
-5
Let i(g) be the second derivative of -g**5/20 + g**4/3 + g**3/3 + 3*g**2/2 - 5*g. What is i(5)?
-12
Let m(t) = -t + 3. Let q(n) = n + 15. Let r be q(-10). Give m(r).
-2
Let v(b) = 7*b + 6*b**2 - 9*b + b. Let c(o) = -3*o**2 + 1 - 2*o + 0*o**2 + 5*o**2. Let p be c(1). What is v(p)?
5
Let c be (6/(-9))/((-1)/3). Suppose o = 7 - c. Let n(u) = -4 + o - u + 6. Calculate n(0).
7
Let r(g) = -g + 4*g**2 + g**2 + 6 - 3*g - 6*g**2. Let c be r(-5). Let q(b) = -2*b. What is q(c)?
-2
Let k(h) = -7*h**3 - 6*h**2 + 17*h - 4. Let s(y) = 4*y**3 + 3*y**2 - 9*y + 2. Let q(d) = 6*k(d) + 11*s(d). Calculate q(2).
8
Suppose 4*m + 21 = 7*m. Let c(x) = m*x + 2*x**2 - 6*x + 1 + 2*x + 3*x. Suppose -4*h - 16 = -0*h. What is c(h)?
9
Let c(i) be the third derivative of i**6/120 - i**5/15 - i**4/4 + i**3/2 + i**2. Let f(g) = g + 7. Let w be f(-2). What is c(w)?
-2
Let d be (-1 + 4)*4/3. Suppose -d*y + 4 + 4 = 2*u, 8 = 4*y - 5*u. Let j(o) be the second derivative of -o**3/3 + 3*o**2/2 - 6*o. Determine j(y).
-1
Let m(t) = -t**3 - 3*t**2 + 5*t + 6. Let g(b) = b**3 + 4*b**2 - 6*b - 7. Let i(c) = 4*g(c) + 5*m(c). Calculate i(0).
2
Let f(s) = -3*s**3 + 7*s**2 + s + 7. Let p(i) = 5*i**3 - 10*i**2 - i - 10. Let k(l) = 7*f(l) + 5*p(l). Determine k(1).
4
Suppose 2*p + 3 = 9. Suppose 0*r + 16 = r + 4*q, p*r - 3*q = 3. Let d(n) = n**2 - 6*n + 4. Give d(r).
-4
Let h = 1 - -4. Let p(s) = -h*s**3 - 5*s**2 + 4*s**2 + 1 + 5*s**2 - 2*s - 2*s**2. Determine p(1).
-4
Let k(l) = -l**3 + 4*l**2 - 3. Let p be (-34)/4 + (-2)/(-4). Let i(x) = -5*x. Let b(m) = 2*m. Let f(u) = p*b(u) - 3*i(u). Let j be f(-4). Calculate k(j).
-3
Let l = 0 - 6. Let o(d) = d**3 + 7*d**2 + 6*d. Let c be o(l). Let u(k) = -k**3 + k - 8. Calculate u(c).
-8
Suppose 2*r = -2*d - 3*d - 14, 5*r + 16 = -3*d. Let p(h) = 9*h + 3. What is p(d)?
-15
Let m(d) = -d**2 - 4*d - 4. Let c be (-4 - -1)*8/6. Let i be m(c). Let u be 6/i*10/(-15). Let f(j) = 4*j**2 + 2*j - 1. Calculate f(u).
5
Let n(d) = d. Let b(z) = z - 1. Let w(s) = b(s) - 2*n(s). Determine w(-7).
6
Let w be 2*-1 - 36/(-9). Let v(h) = -2*h**2 + 3*h - 2. Calculate v(w).
-4
Suppose 3*h + 3*t + 33 = 0, -h = -0*h + 3*t + 19. Let y(a) = a + 9. Let c be y(h). Let g(i) = -1 + 2 + 4 + c*i - 1. Determine g(-3).
-2
Let c(o) be the first derivative of o**4/4 + 2*o**3 + 4*o**2 + 5*o + 8. Give c(-5).
-10
Let n(x) be the third derivative of 3/8*x**4 + 0*x - x**2 - 1/60*x**5 - 3/2*x**3 + 0. Determine n(6).
9
Suppose 0*j = -2*j + 14. Let i = -5 + j. Let p(d) = 4*d**i - 5*d**2 - 5 - 1 - 7*d. What is p(-5)?
4
Suppose -5*b = -w - 19, 3*b + 0*w + 2*w - 1 = 0. Let q(o) = -1 + b*o + 0*o**2 - o**3 + o**2 + 3*o**2. Determine q(4).
11
Let y(i) = 5*i**2 + 7*i - 9. Let n(d) = -2*d**2 - 3*d + 4. Let g(f) = 9*n(f) + 4*y(f). Suppose -1 - 3 = 4*m. Give g(m).
1
Suppose 11 = 3*o - 34. Suppose 7*x - 4*x = -o. Let c(s) = -s**3 - 5*s**2 - 5. Give c(x).
-5
Let i(g) = 2*g**3 + 11*g**2 - 9. Let m(y) = y**3 + 5*y**2 - 4. Let b(k) = 2*i(k) - 5*m(k). What is b(-3)?
2
Let h(v) = -v**2 + 0*v**2 + 0*v + 4*v - 5. Let w(y) = -7*y**3 + y**2 + 2*y. Let a be w(-1). What is h(a)?
-17
Let g(r) be the second derivative of -r**4/4 - r**3/6 + r**2/2 + 11*r. Suppose -3*s + 0 = -6. What is g(s)?
-13
Let g be -2 + 4*27/6. Let c(t) = 3*t - g*t - t**3 + 1 + 0 + 8*t - 6*t**2. Give c(-5).
1
Let d(c) = 1 + 3*c + 0 + c. Calculate d(-2).
-7
Let c(n) = -3*n**2 - 5*n - 17. Let w(u) = 5*u**2 + 7*u + 26. Let o(t) = -8*c(t) - 5*w(t). Suppose -3*p + 3*d + 7 = -p, 4*p + 2*d = 22. Give o(p).
6
Let k(u) = -3*u + 1. Let f be (3/5)/((-1)/5). What is k(f)?
10
Let y(a) = -5*a**2 + 6*a - 2. Let i(d) = -d**2. Let q be (-4)/14 + 30/7. Let p(z) = q*i(z) - y(z). Let g(j) = 5*j. Let x be g(1). Give p(x).
-3
Let q = -121 - -126. Let w(a) = -a - 4 + 3*a + 0*a. Determine w(q).
6
Suppose 4*t - 25 = -4*l - 1, 6 = 3*l. Let m = t - 4. Let s(w) = -w**2 + w - 4. Determine s(m).
-4
Let i = 4 + -3. Let u(l) = 2*l**3 + l**2 + l**2 + l - 4*l**2. Determine u(i).
1
Let u(h) = -h**3 - 5*h**2 - 3*h - 2. Let d be 15*-1*2/(-6). Suppose -5*w - 5 = -5*p - 0, -p + 21 = -d*w. Determine u(p).
-6
Let k = 159 - 160. Let l(v) be the first derivative of v**2/2 - 2. Give l(k).
-1
Suppose -3*w + 8*w = -10, -3*u - 4*w + 1 = 0. Let z = 12 - 10. Let b(f) = -5*f - 4 + 2*f**2 + z*f + 0*f. Determine b(u).
5
Let y = 1/89 - -265/178. Let j(m) be the second derivative of -y*m**2 - m + 1/3*m**3 + 0. Give j(5).
7
Let z(p) = -3*p**3 - 3*p**2 + p - 3. Let b(h) = -7*h**3 - 6*h**2 + 3*h - 7. Let f(d) = -4*b(d) + 9*z(d). Determine f(4).
5
Let u(x) = -2*x**2 - 3*x**2 - 6*x + 6 - 2*x + 6*x**2. Calculate u(6).
-6
Let h(z) = -7*z + 7. Let o = 2 - 8. Let p(r) = 13*r - 13. Let w(u) = o*p(u) - 11*h(u). Let q be (1 - 2) + -2 - 2. What is w(q)?
6
Suppose 0 = -2*j + 2 + 10. Let i(d) = 11*d - 10. Let x(s) = 4*s - 3. Let w(k) = 3*i(k) - 8*x(k). Calculate w(j).
0
Let c = -1 + 1. Let q(i) be the second derivative of i**5/20 + i**4/12 - i**3/6 - 7*i**2/2 + 2*i - 87. Determine q(c).
-7
Let g(c) = -c